{"id":348,"date":"2024-01-08T01:06:10","date_gmt":"2024-01-08T00:06:10","guid":{"rendered":"https:\/\/pattzdesign.com\/?page_id=348"},"modified":"2024-10-12T01:13:37","modified_gmt":"2024-10-11T23:13:37","slug":"blog-pattzdesign","status":"publish","type":"page","link":"https:\/\/pattzdesign.com\/index.php\/blog-pattzdesign\/","title":{"rendered":"Blog"},"content":{"rendered":"<p>[et_pb_section fb_built=&#8221;1&#8243; admin_label=&#8221;Blog&#8221; _builder_version=&#8221;4.23.4&#8243; _module_preset=&#8221;default&#8221; background_color=&#8221;rgba(239,239,225,0.37)&#8221; background_image=&#8221;http:\/\/pattzdesign.com\/wp-content\/uploads\/2024\/01\/guillaume-galtier-3YrppYQPoCI-unsplash-scaled.jpg&#8221; custom_padding=&#8221;||86px|||&#8221; collapsed=&#8221;on&#8221; global_colors_info=&#8221;{}&#8221;][et_pb_row _builder_version=&#8221;4.19.1&#8243; _module_preset=&#8221;default&#8221; max_width=&#8221;700px&#8221; custom_padding=&#8221;0px|||||&#8221; global_colors_info=&#8221;{}&#8221;][et_pb_column type=&#8221;4_4&#8243; _builder_version=&#8221;4.19.1&#8243; _module_preset=&#8221;default&#8221; global_colors_info=&#8221;{}&#8221;][et_pb_image src=&#8221;http:\/\/pattzdesign.com\/wp-content\/uploads\/2024\/01\/LOGOTIPO-PNG_Mesa-de-trabajo-1.png&#8221; title_text=&#8221;Pattzdesign BLOG&#8221; _builder_version=&#8221;4.23.4&#8243; _module_preset=&#8221;default&#8221; custom_padding=&#8221;0px||0px|||&#8221; global_colors_info=&#8221;{}&#8221;][\/et_pb_image][et_pb_text _builder_version=&#8221;4.23.4&#8243; _module_preset=&#8221;064ab7d2-33f6-45b0-977b-019c122845c5&#8243; text_font=&#8221;Albert Sans|300|||||||&#8221; text_text_color=&#8221;#000000&#8243; text_orientation=&#8221;center&#8221; custom_margin=&#8221;-34px|||0px|false|false&#8221; hover_enabled=&#8221;0&#8243; global_colors_info=&#8221;{}&#8221; sticky_enabled=&#8221;0&#8243;]<\/p>\n<p style=\"text-align: left;\">Bienvenid@ a mi rinc\u00f3n de ideas y reflexiones, donde la creatividad y la inspiraci\u00f3n se entrelazan. Aqu\u00ed puedes encontrar una recopilaci\u00f3n de art\u00edculos sobre diferentes tem\u00e1ticas que me resultan interesantes y que si te gusta el arte, el dise\u00f1o y las curiosidades, tambi\u00e9n te pueden atraer.<\/p>\n<p style=\"text-align: center;\">\n<p>[\/et_pb_text][\/et_pb_column][\/et_pb_row][et_pb_row _builder_version=&#8221;4.23.4&#8243; _module_preset=&#8221;default&#8221; global_colors_info=&#8221;{}&#8221;][et_pb_column type=&#8221;4_4&#8243; _builder_version=&#8221;4.19.1&#8243; _module_preset=&#8221;default&#8221; global_colors_info=&#8221;{}&#8221;][et_pb_blog fullwidth=&#8221;off&#8221; posts_number=&#8221;9&#8243; include_categories=&#8221;2&#8243; show_more=&#8221;on&#8221; show_author=&#8221;off&#8221; masonry_tile_background_color=&#8221;RGBA(255,255,255,0)&#8221; _builder_version=&#8221;4.23.4&#8243; _module_preset=&#8221;1b9a191c-4068-4ec8-b40a-5d5846ddad79&#8243; header_font=&#8221;Typewriter|600|||||||&#8221; header_font_size=&#8221;17px&#8221; header_line_height=&#8221;1.5em&#8221; body_font=&#8221;Assistant||||||||&#8221; meta_font=&#8221;Source Sans Pro|600|||||||&#8221; read_more_font=&#8221;Assistant|700||on|||||&#8221; read_more_text_color=&#8221;#000000&#8243; pagination_font=&#8221;Source Sans Pro|700||on|||||&#8221; pagination_text_color=&#8221;#000000&#8243; width=&#8221;100%&#8221; min_height=&#8221;1000px&#8221; height=&#8221;1000px&#8221; max_height=&#8221;1000px&#8221; custom_margin=&#8221;52px|||||&#8221; custom_padding=&#8221;||0px|||&#8221; animation_style=&#8221;fade&#8221; header_font_size_tablet=&#8221;16px&#8221; header_font_size_phone=&#8221;15px&#8221; header_font_size_last_edited=&#8221;on|desktop&#8221; border_radii=&#8221;on|30px|30px|30px|30px&#8221; border_color_all=&#8221;rgba(0,0,0,0.12)&#8221; box_shadow_style=&#8221;preset1&#8243; locked=&#8221;off&#8221; global_colors_info=&#8221;{%22gcid-cb91e05a-a65b-4604-a848-3eebeb47b543%22:%91%22meta_text_color%22%93}&#8221;][\/et_pb_blog][\/et_pb_column][\/et_pb_row][\/et_pb_section]<\/p>\n","protected":false},"excerpt":{"rendered":"<p>Bienvenid@ a mi rinc\u00f3n de ideas y reflexiones, donde la creatividad y la inspiraci\u00f3n se entrelazan. Aqu\u00ed puedes encontrar una recopilaci\u00f3n de art\u00edculos sobre diferentes tem\u00e1ticas que me resultan interesantes y que si te gusta el arte, el dise\u00f1o y las curiosidades, tambi\u00e9n te pueden atraer.<\/p>\n","protected":false},"author":1,"featured_media":0,"parent":0,"menu_order":0,"comment_status":"closed","ping_status":"closed","template":"","meta":{"_et_pb_use_builder":"on","_et_pb_old_content":"","_et_gb_content_width":"","footnotes":""},"yoast_head":"<!-- This site is optimized with the Yoast SEO plugin v21.8 - https:\/\/yoast.com\/wordpress\/plugins\/seo\/ -->\n<title>Blog - Pattzdesign.com<\/title>\n<meta name=\"description\" content=\"Descubre Pattzdesign Blog, donde encontrar\u00e1s art\u00edculos de multitud de temas relacionados con el arte, el dise\u00f1o y la creatividad.\" \/>\n<meta name=\"robots\" content=\"index, follow, max-snippet:-1, max-image-preview:large, max-video-preview:-1\" \/>\n<link rel=\"canonical\" href=\"https:\/\/pattzdesign.com\/index.php\/blog-pattzdesign\/\" \/>\n<meta property=\"og:locale\" content=\"en_US\" \/>\n<meta property=\"og:type\" content=\"article\" \/>\n<meta property=\"og:title\" content=\"Blog - Pattzdesign.com\" \/>\n<meta property=\"og:description\" content=\"Descubre Pattzdesign Blog, donde encontrar\u00e1s art\u00edculos de multitud de temas relacionados con el arte, el dise\u00f1o y la creatividad.\" \/>\n<meta property=\"og:url\" content=\"https:\/\/pattzdesign.com\/index.php\/blog-pattzdesign\/\" \/>\n<meta property=\"og:site_name\" content=\"pattzdesign.com\" \/>\n<meta property=\"article:modified_time\" content=\"2024-10-11T23:13:37+00:00\" \/>\n<meta name=\"twitter:card\" content=\"summary_large_image\" \/>\n<meta name=\"twitter:label1\" content=\"Est. reading time\" \/>\n\t<meta name=\"twitter:data1\" content=\"4 minutes\" \/>\n<script type=\"application\/ld+json\" class=\"yoast-schema-graph\">{\"@context\":\"https:\/\/schema.org\",\"@graph\":[{\"@type\":\"WebPage\",\"@id\":\"https:\/\/pattzdesign.com\/index.php\/blog-pattzdesign\/\",\"url\":\"https:\/\/pattzdesign.com\/index.php\/blog-pattzdesign\/\",\"name\":\"Blog - Pattzdesign.com\",\"isPartOf\":{\"@id\":\"https:\/\/pattzdesign.com\/#website\"},\"datePublished\":\"2024-01-08T00:06:10+00:00\",\"dateModified\":\"2024-10-11T23:13:37+00:00\",\"description\":\"Descubre Pattzdesign Blog, donde encontrar\u00e1s art\u00edculos de multitud de temas relacionados con el arte, el dise\u00f1o y la creatividad.\",\"breadcrumb\":{\"@id\":\"https:\/\/pattzdesign.com\/index.php\/blog-pattzdesign\/#breadcrumb\"},\"inLanguage\":\"en-US\",\"potentialAction\":[{\"@type\":\"ReadAction\",\"target\":[\"https:\/\/pattzdesign.com\/index.php\/blog-pattzdesign\/\"]}]},{\"@type\":\"BreadcrumbList\",\"@id\":\"https:\/\/pattzdesign.com\/index.php\/blog-pattzdesign\/#breadcrumb\",\"itemListElement\":[{\"@type\":\"ListItem\",\"position\":1,\"name\":\"Portada\",\"item\":\"https:\/\/pattzdesign.com\/\"},{\"@type\":\"ListItem\",\"position\":2,\"name\":\"Blog\"}]},{\"@type\":\"WebSite\",\"@id\":\"https:\/\/pattzdesign.com\/#website\",\"url\":\"https:\/\/pattzdesign.com\/\",\"name\":\"pattzdesign.com\",\"description\":\"\",\"potentialAction\":[{\"@type\":\"SearchAction\",\"target\":{\"@type\":\"EntryPoint\",\"urlTemplate\":\"https:\/\/pattzdesign.com\/?s={search_term_string}\"},\"query-input\":\"required name=search_term_string\"}],\"inLanguage\":\"en-US\"}]}<\/script>\n<!-- \/ Yoast SEO plugin. -->","yoast_head_json":{"title":"Blog - Pattzdesign.com","description":"Descubre Pattzdesign Blog, donde encontrar\u00e1s art\u00edculos de multitud de temas relacionados con el arte, el dise\u00f1o y la creatividad.","robots":{"index":"index","follow":"follow","max-snippet":"max-snippet:-1","max-image-preview":"max-image-preview:large","max-video-preview":"max-video-preview:-1"},"canonical":"https:\/\/pattzdesign.com\/index.php\/blog-pattzdesign\/","og_locale":"en_US","og_type":"article","og_title":"Blog - Pattzdesign.com","og_description":"Descubre Pattzdesign Blog, donde encontrar\u00e1s art\u00edculos de multitud de temas relacionados con el arte, el dise\u00f1o y la creatividad.","og_url":"https:\/\/pattzdesign.com\/index.php\/blog-pattzdesign\/","og_site_name":"pattzdesign.com","article_modified_time":"2024-10-11T23:13:37+00:00","twitter_card":"summary_large_image","twitter_misc":{"Est. reading time":"4 minutes"},"schema":{"@context":"https:\/\/schema.org","@graph":[{"@type":"WebPage","@id":"https:\/\/pattzdesign.com\/index.php\/blog-pattzdesign\/","url":"https:\/\/pattzdesign.com\/index.php\/blog-pattzdesign\/","name":"Blog - Pattzdesign.com","isPartOf":{"@id":"https:\/\/pattzdesign.com\/#website"},"datePublished":"2024-01-08T00:06:10+00:00","dateModified":"2024-10-11T23:13:37+00:00","description":"Descubre Pattzdesign Blog, donde encontrar\u00e1s art\u00edculos de multitud de temas relacionados con el arte, el dise\u00f1o y la creatividad.","breadcrumb":{"@id":"https:\/\/pattzdesign.com\/index.php\/blog-pattzdesign\/#breadcrumb"},"inLanguage":"en-US","potentialAction":[{"@type":"ReadAction","target":["https:\/\/pattzdesign.com\/index.php\/blog-pattzdesign\/"]}]},{"@type":"BreadcrumbList","@id":"https:\/\/pattzdesign.com\/index.php\/blog-pattzdesign\/#breadcrumb","itemListElement":[{"@type":"ListItem","position":1,"name":"Portada","item":"https:\/\/pattzdesign.com\/"},{"@type":"ListItem","position":2,"name":"Blog"}]},{"@type":"WebSite","@id":"https:\/\/pattzdesign.com\/#website","url":"https:\/\/pattzdesign.com\/","name":"pattzdesign.com","description":"","potentialAction":[{"@type":"SearchAction","target":{"@type":"EntryPoint","urlTemplate":"https:\/\/pattzdesign.com\/?s={search_term_string}"},"query-input":"required name=search_term_string"}],"inLanguage":"en-US"}]}},"_links":{"self":[{"href":"https:\/\/pattzdesign.com\/index.php\/wp-json\/wp\/v2\/pages\/348"}],"collection":[{"href":"https:\/\/pattzdesign.com\/index.php\/wp-json\/wp\/v2\/pages"}],"about":[{"href":"https:\/\/pattzdesign.com\/index.php\/wp-json\/wp\/v2\/types\/page"}],"author":[{"embeddable":true,"href":"https:\/\/pattzdesign.com\/index.php\/wp-json\/wp\/v2\/users\/1"}],"replies":[{"embeddable":true,"href":"https:\/\/pattzdesign.com\/index.php\/wp-json\/wp\/v2\/comments?post=348"}],"version-history":[{"count":12,"href":"https:\/\/pattzdesign.com\/index.php\/wp-json\/wp\/v2\/pages\/348\/revisions"}],"predecessor-version":[{"id":1222,"href":"https:\/\/pattzdesign.com\/index.php\/wp-json\/wp\/v2\/pages\/348\/revisions\/1222"}],"wp:attachment":[{"href":"https:\/\/pattzdesign.com\/index.php\/wp-json\/wp\/v2\/media?parent=348"}],"curies":[{"name":"wp","href":"https:\/\/api.w.org\/{rel}","templated":true}]}}